st common factor of z and f?
38
Suppose 321 = 4*l - u, 5*l + 2*u - 420 = -3*u. Suppose 0 = -z + 101 - l. Calculate the greatest common factor of z and 5.
5
Let m(z) = -3*z**3 + 22*z**2 + 23*z - 8. Let f(c) = c**3 - 1. Let u(h) = -4*f(h) - m(h). Let r be u(-21). What is the greatest common factor of r and 54?
54
Suppose 0 = v - 25 + 13. Let m be 3 + (-49)/17 + 1690/85. Calculate the highest common divisor of m and v.
4
Let c = -9831 - -9856. Suppose -3*y + 4*l = -7, -1 = 4*y + 5*l - 31. What is the highest common factor of c and y?
5
Let f = 366 + -65. Let a(y) = -y**3 + 10*y**2 - 3*y - 5. Let p be a(6). Suppose z = 1 + 3, 0 = -3*b + 2*z + p. Calculate the greatest common factor of f and b.
43
Let g(b) = -b**3 + 10*b**2 + 46*b - 7. Let h be g(13). Suppose 0 = 91*q - 95*q + h. Let j = 4 - 1. What is the highest common divisor of q and j?
3
Let h be (4 + (-21)/6)*6 + 119. Let g = h - 92. What is the greatest common factor of g and 6?
6
Let q be -9 + (-5680)/14 - (-4)/(-14). Let v = -334 - q. Suppose 5*h - 5*c = 40, -6 = -h - 3*c + 6. Calculate the greatest common factor of v and h.
9
Suppose 3*g - 4*g = -27. Suppose 2*d - 21 = g. Suppose -s = -2*s + 76 - 68. What is the greatest common divisor of d and s?
8
Let j = 421 + -417. Suppose 0*z + 5*l = -3*z + 193, 0 = l + 1. What is the greatest common divisor of z and j?
2
Let h be 29/(-2) - 2/(-4). Let z be (-2)/3*(h + 2). Let u(k) = 5*k**2 + k - 2. Let m be u(2). Calculate the greatest common divisor of m and z.
4
Let t(v) = 35*v - 3387. Let c be t(97). What is the greatest common factor of c and 1544?
8
Let t be 16/64*((-2 - -4) + 14). Suppose 3*x = 3*j - 21 - 60, -3*j = -t*x - 78. What is the greatest common divisor of j and 12?
6
Let a = 8432 + -8416. Suppose -2*g + 3*f = 11, -2*g + 0*g + 14 = 2*f. Calculate the highest common factor of g and a.
2
Let g be -3 + 5 - (-167 - 2). Let v = -5704 + 5780. Calculate the highest common factor of g and v.
19
Let o be (7 + 532/12)/(6/63 - 0). Calculate the greatest common divisor of o and 231.
77
Let u be -2 - 17/(-9) - (-3)/(243/12969). What is the highest common divisor of 176 and u?
16
Suppose 82*t = 70761 + 146939 + 242894. Calculate the greatest common factor of 685 and t.
137
Let v = -31222 - -31239. Let x(h) = h**2 - 6*h - 6*h - 2*h**2 + 14. Let d be x(-10). What is the greatest common divisor of v and d?
17
Let x be 6/(-21) - 228/(-14). Suppose -792 = x*v - 25*v. Calculate the highest common factor of 8 and v.
8
Suppose 1035 = 7*t + 16*t. Suppose -t*n - 3*n = -17424. Calculate the greatest common factor of 66 and n.
33
Let f(j) = -14*j + 1784. Let x be f(65). Calculate the greatest common factor of x and 161.
23
Suppose 0 = -3*u + 3, 13 = -2*m + 4*u + 5. Let j be 3/9*10 + m/6. Suppose 15 = j*s - 84. Calculate the greatest common divisor of 33 and s.
33
Let c = -29 + 49. Suppose 683 = -4*q + 2171. Let w = q - 232. What is the highest common divisor of c and w?
20
Let x(l) = -11*l**3 + 10*l**3 - 2 + 16*l + 9 + 17*l**2 + 4. Let v be x(18). Let h be v/2*(-8)/10. What is the highest common divisor of h and 50?
10
Let h be (-3 - (-52)/12)*-15*1. Let w(v) = -v**2 - 20*v + 5. Let a be w(h). Suppose -4*c + 126 = a*c. Calculate the highest common factor of c and 84.
14
Suppose -2*j + r = -840, -6*j - 4*r + 411 = -5*j. Suppose -32*b = -j - 413. Calculate the greatest common factor of 702 and b.
26
Let l be 1851/6*(-2)/(-4)*4. Suppose -2*o + 3*p + 1199 = -0*o, o = 5*p + l. Calculate the greatest common divisor of o and 37.
37
Let z = -39 - -237. Let b = -172 + z. What is the greatest common factor of 52 and b?
26
Let p(y) = 86*y - 6. Let i(o) = -o**2 - 5*o. Let z be i(-2). Let u be p(z). What is the highest common factor of u and 30?
30
Let p be (16/(48/(-6)))/(4/10). Let a be 1*(148 - (p + 6)). What is the highest common divisor of 7 and a?
7
Let g = 8 + -9. Let c be ((4 - 4)/4)/(2*g). Suppose 5*y + 2*q - 148 = c, 0*q = -2*q + 8. What is the highest common divisor of 7 and y?
7
Let g = -29 - -30. Suppose -80*t + 2204 = 118 + 166. Calculate the greatest common factor of g and t.
1
Let d = -9 - -21. Let z(q) be the first derivative of -q**4/4 - 2*q**3 + 9*q**2/2 + 17*q + 73. Let s be z(-7). Calculate the highest common divisor of d and s.
3
Let l(f) = -348*f**3 - 54*f**2 - 110*f - 5. Let k be l(-2). Calculate the greatest common factor of k and 69.
23
Let l = -3052 + 3586. Calculate the greatest common divisor of l and 24.
6
Suppose -352*v = 929*v - 6405. Suppose 5*q - 1 + 9 = -3*x, x - 1 = 2*q. Let j be 12 + (-4 - (-3 - q)). What is the greatest common factor of j and v?
5
Let w(y) = y + 24. Let u be 6/(-14) - 8/84*-309. Let x = -13 + u. Let v be w(x). Calculate the highest common divisor of v and 10.
10
Suppose 1522 + 518 = 4*q - 4*n, -4*q + 5*n + 2043 = 0. Calculate the greatest common factor of 234 and q.
39
Let b = -121 + 146. Suppose -17*v = -b*v + 352. What is the highest common divisor of 4 and v?
4
Let d(j) = j**2 + 3*j - 38. Let h be d(6). Let q(g) = g**3 - 8*g**2 - 27*g + 56. Let f be q(h). Calculate the highest common divisor of 11 and f.
11
Suppose -2*j + 90 = 51*c - 55*c, 50 = j - 3*c. Calculate the highest common divisor of 1078 and j.
7
Let y(g) = 11*g - 65. Let v be y(19). Let l = 14 + -10. Suppose l*o - 38 = 34. What is the highest common divisor of v and o?
18
Suppose 100*b + 4870 = 90*b. Let k = 587 + b. Calculate the greatest common divisor of 10 and k.
10
Let r(g) = 673*g + 2485. Let a be r(13). Calculate the highest common divisor of a and 1096.
274
Suppose b - 3*f + f = -32, -2*b - 3*f - 57 = 0. Let g be 23/3*(b + 33). What is the highest common divisor of g and 437?
23
Suppose 453 = 2*x - 5*x. Let i = x + 217. Suppose -3*f = 11*h - 7*h - 62, -92 = -4*f + 4*h. What is the greatest common divisor of i and f?
22
Let c be ((316/(-5))/(-2))/((-90)/(-225)). Let w = c - -266. Calculate the highest common factor of w and 23.
23
Let t(m) = m**3 - 19*m**2 + 17*m - 43. Let h be t(20). Let b be h/68 - (2 + (-7)/4). Let u be 6*3/45 + 196/b. What is the greatest common factor of u and 8?
4
Let n be 7720/15*(-2160)/(-192). What is the highest common factor of n and 6?
6
Let q be -4 - (-14 + 10)/(2/5). Let w be (-250)/(q/18*(-4 - 2)). What is the greatest common divisor of w and 100?
25
Let m(r) = -2*r**2 - 14*r + 3. Let n be m(-7). Suppose 0 = -l + 2*p + n*p + 84, -3*p = 5*l - 504. Calculate the highest common factor of 9 and l.
9
Let d(s) = -466*s - 2310. Let h be d(-6). What is the highest common factor of h and 2?
2
Let v = 178 - 96. Let y = 107 + 549. What is the highest common divisor of y and v?
82
Let m be 66 + -56 - (-172)/2. What is the highest common divisor of 128 and m?
32
Let k(t) = 7*t**3 - 4*t**2 + 11*t - 4. Suppose -7*l + 16 + 5 = 0. Let f be k(l). What is the greatest common divisor of 104 and f?
26
Let v be ((-53106)/(-4))/((-22)/((-3256)/111)). Calculate the highest common divisor of v and 106.
106
Suppose 0 = 20*b - 13*b + 1057. Let t = -103 - b. Suppose -25*s = -29*s + 24. Calculate the greatest common divisor of t and s.
6
Suppose 3*m + 1173 = -2*f + 276, -295 = m + 2*f. Let a = -160 - m. What is the highest common divisor of 329 and a?
47
Suppose 5*t - 4*f - 1 = 273, -2*t - 5*f = -136. Calculate the highest common factor of t and 6583.
29
Suppose 73911 = -24*q + 73935. Let n = -16 - -81. What is the greatest common divisor of n and q?
1
Suppose n = 3*z - 54, 4*n = 2*z - 91 - 75. Let w = n + 41. Suppose -w*s + 15 = -5. What is the greatest common divisor of s and 5?
5
Let o(g) = -6*g + 489. Let s be o(19). Calculate the greatest common factor of s and 270.
15
Let z(r) = 28*r + 460. Let y be z(-11). Calculate the highest common factor of y and 104.
8
Suppose 45*m = 29*m + 22*m - 11856. What is the highest common divisor of m and 26?
26
Let s = -69 + 69. Suppose -140 = -s*h - 5*h. Let t(g) = -2*g**3 + g**2 + 2*g + 4. Let m be t(-4). Calculate the highest common divisor of m and h.
28
Suppose 0 = -6*l + 17*l + 44. Let a be 0 + (2 - (-8)/l). Suppose -4*c + 52 = m, a = -5*c + 6 - 1. Calculate the highest common factor of m and 32.
16
Let m = -17 - -57. Suppose -7*o + 4*d = -2*o - 1012, 4*o - 5*d = 815. Calculate the highest common factor of m and o.
40
Let z be (4 + 261/(-18))*(-76 + -2 - 0). Calculate the highest common divisor o